(-4 - -2) + (-8 - -19) + -18 + -17.
-26
Calculate -12 - (-3 - (-10 - 24)).
-43
(-35 - (2 - 59)) + -4 - 87
-69
Evaluate (-1 - (-5 + 16)) + (276 - 295).
-31
What is 8 - (4 - -15 - 18 - -31)?
-24
Calculate -17 + (-23 - 3) + (-110 - -101).
-52
Calculate 53 + (-107 - (31 - 42)).
-43
Calculate 10 - (29 + -14 - 10 - 2 - (11 - 0)).
18
What is -3 + -6 + (-27 - -41) + 49?
54
What is the value of -13 + (21 - 1 - (51 - 36)) + -44?
-52
What is the value of (-7 - 104) + 30 + -25 + 17?
-89
What is -62 - ((32 + -10 - 44) + 5)?
-45
What is (-4 - 5 - (4 - 4)) + (61 - 12) + 4?
44
Evaluate 11 + (5 - 35) - (-19 - (-14 - (5 - 7))).
-12
What is the value of -37 + (-37 - -88 - -37)?
51
Calculate (26 - -35) + 12 + -54.
19
Evaluate -2 + 13 + 2 - (-89 - (0 - 55) - 47).
94
What is 17 + 28 - (-6 + (-3 - (-4 + 0))) - 7?
43
What is the value of (3 - (52 - -1)) + (2101 - 2078)?
-27
-2 + (-14 - -7 - -10) + (12 + -15 - 10)
-12
49 - (-3 - (3 + -7) - 1 - (18 + -28))
39
Evaluate (-12 - (33 - -32)) + 23 + -5.
-59
Calculate (-7 - 5) + 2 + 33 - 23.
0
What is (-47 - (-52 + 45 + 61)) + -1 + 17?
-85
Calculate -1 + -10 - 3 - (566 - 574).
-6
Evaluate -98 - (9 - 1 - 22) - (-2 + 5) - 6.
-93
Calculate 16 - (-91 - (88 - 87)).
108
What is the value of -14 - (2 + 2 + -22 - (68 - 1))?
71
-10 + 24 + 12 + -19 + -5 - -56
58
Evaluate (-8 + 5 - (-5 + 1)) + -148 + 192.
45
(60 - (77 + -29)) + (-2 - 8)
2
35 + (36 - ((-27 - -108) + -31))
21
What is (250 - (178 - -75)) + (70 - (0 - 2))?
69
What is 77 - (-29 - (8 + (-7 - 2)))?
105
Evaluate (10 + -25 - 10) + 92.
67
Calculate 65 - (5 + (-17 - -16) - -13 - 18).
66
What is the value of -20 - (5 - (-26 - 3)) - -8?
-46
Calculate -7 + 16 + (-52 - -26 - -23).
6
What is the value of (-17 + (45 - 13) - (5 - -2)) + -46?
-38
What is (-20 + 39 - -33) + (-7 - -9) - (-3 - -2)?
55
What is -28 - 41 - (-60 + 57)?
-66
What is the value of 16 - (4 + -30) - ((-2 - -7) + (-1 - 1))?
39
Evaluate 2 - (8 - (-12 + -23 + 55)).
14
Calculate 63 + -104 + -99 + 51.
-89
(173 - (-93 - -81)) + -84
101
What is -31 - ((8 - 89) + 4 - 17)?
63
Calculate 1 + 8 - (31 - 25) - (12 + 0).
-9
Evaluate (-39 - (-61 - 20)) + -55.
-13
Calculate -26 - (-46 + 30) - -35.
25
What is (7 - 91) + 23 + 22 - -14?
-25
What is -109 - (125 + -154 - -12)?
-92
Evaluate -9 + 4 - (17 - (15 - (-9 - -12))).
-10
-4 - (-10 + 24 - 24) - 28
-22
Evaluate (5 + -1 - (-173 - -169)) + 2 - 3.
7
Calculate -41 + -3 + (-1 + -14 - -9 - (10 - 6)).
-54
What is the value of 26 - (45 - (7 + 13)) - -12?
13
9 + 7 + 1 + -2 - (194 + 83 + -142)
-120
Calculate (1 - -1) + 13 + (-33 - -9 - -8) + 50.
49
What is the value of 2 + -4 + -3 + 8 + 0 - (6 + -33)?
30
3 + -4 + (18 - (12 + 2)) + 45 + 10
58
What is 61 + 125 + -47 - 64?
75
Calculate 70 + (-1 + 38 - (-177 - -206)).
78
-1078 + 1026 - (11 + -65)
2
What is the value of 14 - (1 + -7) - (-6 + (-5 - -8))?
23
Evaluate -130 + (-63 - -72 - -79).
-42
-60 + (45 - -14) + (-1 - 3) - 14
-19
Calculate 19 + -20 - 15 - (-94 + -5) - -22.
105
(58 - 27) + -138 + 54
-53
-39 + 48 - (0 - -4) - (-8 - -14 - 0)
-1
Evaluate 23 + (16 - 16) - (46 + -17) - 5.
-11
Evaluate (-83 - -3) + 371 + -314.
-23
Calculate (57 - (71 - 36)) + 71 + -12.
81
Calculate (245 - 330) + 27 + 104.
46
What is 0 - 60 - (189 + -42 + -132)?
-75
What is the value of (-6 + (-29 - -38) - -8) + -51?
-40
What is the value of (24 + -4 - (-49 + 69) - 61) + 16 + -3?
-48
Evaluate -19 - (-67 - (23 + -41 - -18)).
48
What is the value of 1533 + -1565 + (127 - -2)?
97
What is the value of -65 + -160 + 271 + 8 + 0 + -1 + 3?
56
Evaluate 1 + (6 - (-3 + -8)) - 3 - (12 + -4).
7
What is the value of 1 - 3 - ((23 - 50) + 34) - -43 - 8?
26
Evaluate 12 + (22 - -29) + (5 - 4 - -5).
69
What is -1 + 46 + 0 + 45 - -7?
97
What is 18 + -8 + 23 + (-11 - 21)?
1
What is the value of -48 - (-10 + (-15 + 8 - 1 - -21) + -2)?
-49
What is 43 - (14 + -30 + 8)?
51
What is the value of 1 + (8 - -5) + -25 - (1 - -16)?
-28
Calculate (-39 - 58) + 125 + -102.
-74
What is -51 + (-68 - -148 - 157)?
-128
(-1 - -2 - (-33 - -3)) + -12
19
What is -86 - (24 + -36 - (12 + -5 - 3))?
-70
Calculate 3 + -45 + 1 - (13325 - 13413).
47
Calculate (-9 + -7 - -1) + -2 + (-11 - -3).
-25
What is -73 + 8 + 25 - (-148 - 2)?
110
Evaluate -223 + 224 - (-5 + (-3 - -11) - (-30 + 2)).
-30
Evaluate -7 - (6 + (-43 - (27 + -17)) - (1 + -8)).
33
-13 - ((1 - (-19 - -122)) + -1 + 1)
89
What is -10 + 2 + (38 - (-17 - -7))?
40
What is the value of -11 + (95 - (20 + 56))?
8
Calculate (-27 + -1 + 14 - (2 - 42)) + 4 + 3.
33
54 + 32 + -77 + 8
17
What is the value of (-13 - (54 - 73)) + (-1 - 7) + (0 - -1)?
-1
What is the value of -150 + 216 + (5 - (5 - -15)) - -1?
52
What is 6 - (8 + (-1 - 3)) - (21 - 27)?
8
Calculate (-2954 - -2990) + (0 - -27) - (0 - 3).
66
What is the value of 9 - (-14 + 47 + -23) - (22 + 10)?
-33
-8 + (-15 - (-28 - 7)) + (3 - 87)
-72
What is the value of (50 - -57 - 30) + (2 - 19)?
60
Calculate -2 + 2 + -22 - (17 - (5 - 57)).
-91
What is the value of 44 - ((22 - (2 + (22 - 5))) + -12 + -1)?
54
Calculate -7 - (-11 - (20 + 2 + -34 + 22)).
14
What is the value of (0 + -7 - (58 - 53)) + 35?
23
Calculate (-11 - 14) + (-1 - (3 + 5)).
-34
-4 + (44 - 3) + 73 + -49 + -25
36
What is (30 - (24 - -48)) + 89?
47
Calculate 23 - ((-25 - -24) + 62).
-38
What is the value of 51 - (23 - -14 - (7 + 9))?
30
Evaluate (107 - 95) + -16 - -66.
62
Calculate 47 + -40 + (-4 - (-7 - (6 - (59 + 2)))).
-45
What is -34 - (31 - (35 + -31 + -4))?
-65
What is the value of -99 + 189 - 100 - 49?
-59
13 - (29 + -26 - (3 - 64))
-51
What is (309 - 287 - (4 + 29 - -4)) + (0 - -43)?
28
What is the value of (6 - (19 - -67)) + -29 + 68?
-41
What is the value of (7 - -1) + 43 + -180 + 78?
-51
Evaluate -79 - (-12 + 43 + -13 + -47).
-50
Evaluate -5 - (-59 + 277) - -91.
-132
3 + (-4 - (5 - 17)) + -2 - (-1 - -17)
-7
What is the value of (-3 - (6 - (10 + -14))) + 11 + (-47 - 2)?
-51
Calculate 0 - -2 - (24 + -18 - 12 - 5).
13
-3 - (0 + -19) - (144 + -58) - (-4 + -7)
-59
What is the value of -18 - -23 - (26 + 6 - (-1 - 10 - -5))?
-33
Evaluate -31 - (-2 + (10 - (3 - (3 - (10 + -7))))).
-36
What is (8 - (-34 + (4 - -12 - 16))) + -1?
41
-5 + 6 + 5 - (21 + 44 + -50)
-9
-4 - (0 + (-9 - -5 - 4)) - (56 + -4)
-48
41 - 54 - (2 + (-4 - 2) + 69)
-78
What is the value of 58 - -91 - 75 - (0 - -19)?
55
What is the value of 131 + -70 + 19 + 14?
94
(39 + -16 - -14) + 6 + -5
38
-53 + -47 - -18 - (-2 + -5)
-75
Evaluate -37 + (16 - -62) + 12.
53
What is the value of (-110 - (-26 + -17)) + (0 + 2 - 4) + 5?
-64
Calculate (20 - (19 + -33 + 53)) + (-6 - -18).
-7
What is -3 - (1 + -30 + (-255 - -194))?
87
Calculate -19 - (4 + (7 - 21)) - 35.
-44
Evaluate 46 + -41 + -1 + -15.
-11
What is 51 - 34 - 20 - 10 - (32 - -2)?
-47
(0 + 2 + -4 - 10) + -11859 + 11861
-10
What is the value of 3 + (5 - (-7 + 7)) + 5 + 1?
14
What is (82 - 82) + -140 - -174?
34
What is the value of -5 - (111 + -63 + 68 - (-4 + 20))?
-105
What is -62 - (87 + -101 + 1 + 2 + 3 + 4)?
-58
Evaluate -19 + 1 + 1 + 54 + (130 - 139).
28
What is the value of -10 + -45 + -33 + 89 + -17?
-16
Evaluate 9 + (113 - ((-19 + 17 - (-5 + 0)) + -10)).
129
Calculate -2 + 71 + -68 - -22.
23
Evaluate (0 - -50) + (734 - 737).
47
Calculate -53 + (-83 - -157) - (0 - -7).
14
Calculate -5 + 75 + -165 + 143.
48
Evaluate (-5 + 28 - -68) + -94.
-3
Evaluate ((0 - -13) + (-61 - -52) - 17) + 8.
-5
Calculate (466 - 536) + (95 - -8).
33
Evaluate -5 + 7 - 29 - (-18 - -25) - 7.
-41
Calculate (-7 - 2 - (-32 + 34)) + 23.
12
-11 + (23 - -4) + (-3 - -2) + -4 + -124
-113
(-5 - -17) + 15 - (4 + 0)
23
What is the value of (0 + 10 - (586 - 573) - 21) + 160?
136
Evaluate 68 + (-69 + 70 - 20).
49
Evaluate 15 - (-9 - (7 + 1 + -38)) - (-3 - 91).
88
What is the value of -59 - ((-107 - -43) + 72)?
-67
-94 + 107 + (131 - 241)
-97
What is -35 + 11 + (-8 - -12 - 24)?
-44
Calculate (21 - -3 - 9) + (-12 - 1).
2
(35 - -41) + -11 + -31
34
Calculate -7 - -8 - 0 - (-56 + (3 + 12 - 10)).
52
Evaluate 73 - (-38 + 9 + 150).
-48
Calculate 0 - (-6 - (19 - 0 - 16)).
9
-20 - (-18 + 84 + 12)
-98
(-3 + 2 - -13) + (-1248 - -1219) + 55
38
What is (-55 - -41 - 17) + 32?
1
Calculate (23 - (-57 - 49)) + -35 - (-11 + -2).
107
What is (-23 - -24) + 36 - -30?
67
What is -14 + -26 - 11 - (35 + -1)?
-85
What is (-187 - (-15 + -54)) + 69?
-49
What is the value of 1 - -16 - (238 + -238) - 52?
-3